 35*k - 4*j + 334, j + 101 = k. Calculate the remainder when g is divided by k.
75
What is the remainder when 647 is divided by (-15 + -197)/(13 - 17)?
11
Suppose 0 = 2*p - 0*p + 5*v + 126, 50 = -p + 4*v. Let u = -40 - p. Calculate the remainder when (-33)/(-2 + 2 - 1) is divided by u.
15
Suppose -244 = -2*v - 4*k, -2*k = -5*v + 364 + 246. What is the remainder when v is divided by 97?
25
Suppose 3*c - 3*l = 90, -c + 31577*l = 31582*l + 18. What is the remainder when c is divided by 0/(-1) + (-21)/(-3)?
1
Let h = -974 - -4625. What is the remainder when h is divided by 126?
123
Let u = 150 + -141. Let f be 4/(-10) - (-176)/40. Suppose 0 = f*w + 26 - 182. What is the remainder when w is divided by u?
3
Let i = -11 - -69. Suppose 2*s + 37 = 5*b, 5*s = b + 4*b - 25. Calculate the remainder when i is divided by (-4 + -3 + b)*8.
10
Let c(w) = -w + 13. Suppose 2*u - 20 = 2*a, -22 = -3*u - 2*a + 3*a. What is the remainder when 19*(2/(-1) + 3) is divided by c(u)?
5
Suppose -8*g - 52 = -4*g. Let m be -1 - (6/9)/((-14)/105). What is the remainder when (g + (m - 2))*1*-9 is divided by 17?
14
Let p(b) = 6*b**3 + 125*b**2 - 26*b + 9. What is the remainder when p(-21) is divided by 42?
30
Suppose 0 = 5*f - 5*q - 350, -q - 274 = -f - 3*f. Let k = f + -45. Calculate the remainder when -24*(3 + 40/(-6)) is divided by k.
19
Let d = 81 - 45. What is the remainder when 6 is divided by 1 - (d/(-4))/3 - 0?
2
Suppose -2*w = -0*r - r - 417, -3*r = 9. Suppose 1065 - 202 = 69*d - 931. Calculate the remainder when w is divided by d.
25
Suppose 108*k - 473 = -338 + 837. Let o(z) = 7*z + 2. What is the remainder when o(7) is divided by k?
6
Suppose 25333 = 22*j + 9449. Calculate the remainder when j is divided by 247.
228
Let l be -9 + 5 + -1 + 10. Let k be -3*l/15 - 1. What is the remainder when 111 is divided by (1 + (-49 - k))*21/(-42)?
19
Let p(x) = -x**3 - 15*x**2 - 16*x - 62. Let q be p(-15). Let w = -107 + q. Calculate the remainder when 141 is divided by w.
70
Suppose -4*j + 2110 = -3*b, -4*j - 77*b + 2094 = -72*b. What is the remainder when j is divided by 19?
13
Let h be 17 - (-7 - -12) - 3*-2. Suppose 2*m - 109 = -3*q, -2*m + q = -95 - h. Calculate the remainder when m is divided by 10.
6
What is the remainder when (-1)/(-4)*(-354844)/(-161) is divided by 18?
11
Let x(b) = 34*b + 27. Let t(u) = -102*u - 78. Let w(v) = -3*t(v) - 8*x(v). Calculate the remainder when 142 is divided by w(0).
16
Let n = -10870 - -10890. Calculate the remainder when 734 is divided by n.
14
Let r be ((-76)/5)/((-3)/15). Suppose -r = -x + 9. Let s = -7280 + 7324. What is the remainder when x is divided by s?
41
Suppose -4*c + 16 = 0, 4*z = 2*c + 26 - 66. Let j = 115 + z. Calculate the remainder when j is divided by 55.
52
Let q(g) = -117*g + 2816. What is the remainder when 3192 is divided by q(15)?
9
Let y = 11626 + -8016. What is the remainder when y is divided by 172?
170
Let r = 287 - 191. What is the remainder when 307 is divided by r?
19
Suppose -z = -4*i - 173, 1159*z = 1155*z + 4*i + 704. Calculate the remainder when 412 is divided by z.
58
Let v = 7589 - 7464. Suppose k = 2*k - 14. What is the remainder when v is divided by k?
13
Suppose 0 = -2*v - 4*s + 69 + 63, -v = -4*s - 48. Let u = 108 - v. Suppose 47*m + 15*m - 806 = 0. What is the remainder when u is divided by m?
9
Let p be (18/(-8))/((-6)/(-16)). Let g = -354 - -361. What is the remainder when 75/p*(-16)/20 is divided by g?
3
Let m = -102 - 52. Let i = m + 161. Calculate the remainder when 27 is divided by i.
6
Calculate the remainder when 272 is divided by 3/3*-2*(-27)/(-18) + 49.
42
Suppose -3*k - 2*o + 74 = 0, -2*k - o + 61 - 11 = 0. Calculate the remainder when 904 is divided by k.
20
Let q = 1202 + -1194. What is the remainder when 470 is divided by q?
6
What is the remainder when (-861)/(-6)*(-4032)/(-588) is divided by 34?
32
Let u(m) = -m**2 - 16*m - 14. Let w be u(-11). Let r = 69 - w. Let i = 4116 - 4106. What is the remainder when r is divided by i?
8
Let u(n) = -n**3 + 87*n**2 + 363*n + 158. Calculate the remainder when 119 is divided by u(91).
52
Let n(y) = 30*y**2 - 27*y + 1. Let g be (6/(-9))/((-5)/(135/18)). Calculate the remainder when 11 is divided by n(g).
3
Let p be 0 + (4 - 9) + -332. Let g = p - -363. Let q = -30 + 103. Calculate the remainder when q is divided by g.
21
Let b(t) = 5*t - 2*t**3 + 3*t**3 + t**2 - 2*t**2 + 2. Let m be b(3). Suppose 2*a + 261 = 4*h + m, -9 = -3*a. Calculate the remainder when h is divided by 30.
28
Suppose 0 = 5*t + 2*s - 110, 6*t - 3*s = t + 135. Suppose -20 + 104 = 5*a + 2*p, -8*p = a + 120. What is the remainder when t is divided by a?
0
Suppose 24 = -7*b + 2*b - 3*m, -4*m = 4*b + 24. What is the remainder when -6*4/b - 0 is divided by (20/6*3)/((-1625)/(-1300))?
0
Let t = -6 - 30. Let c = 59 + -12. What is the remainder when c is divided by (t/27)/(2/(-18))?
11
Let x(y) = 25*y**2 + 6*y - 3. Calculate the remainder when x(-2) is divided by 15.
10
Suppose -28 = 3*i - 73. What is the remainder when i is divided by (-53)/(-4) - (7 - 216/32)?
2
Let n(h) = h**3 + 20*h**2 + 3*h + 234. Calculate the remainder when n(-19) is divided by 30.
28
Let g(t) = -t**2 + 23*t + 55. Let r be g(25). Suppose -4 = 2*m + 2*m, 0 = -5*w + r*m + 235. What is the remainder when w is divided by 7?
4
Let a = -635 - -620. Let s(i) = -3*i - 58. Let n(o) = -2*o - 57. Let y(w) = -3*n(w) + 4*s(w). What is the remainder when y(a) is divided by 16?
13
Let o = -3205 + 3226. Calculate the remainder when 1060 is divided by o.
10
Let l = 38 + 36. Suppose 0 = -2*a + 6*a - 76. Calculate the remainder when l is divided by a.
17
Let s(k) = k**2 - 19*k + 78. Let d be s(16). Let a = -4 + 23. Calculate the remainder when ((-7)/2)/(d/(-300)) is divided by a.
16
Let u = -151 + 186. Suppose 2*t + 5*d = 59, -3*t + u + 66 = -5*d. What is the remainder when t is divided by 4?
0
Let p(n) = 9*n + 2. Let w(b) = b**2 - 23*b - 133. Let r be w(28). Suppose 11 + 59 = r*z. Calculate the remainder when p(3) is divided by z.
9
Let t be (-3)/(1381/346 - 4). Suppose -3*b - 2*a = -2*b + 153, 2*b - 4*a + t = 0. Let f = b + 288. What is the remainder when f is divided by 21?
20
Let f be 4/(-22) - 6620/(-110). Let r = -22 + f. What is the remainder when r is divided by 19/((-76)/(-48)) + 1*-2?
8
Suppose 20 = 3*o + 2*p, -3*p = 2*p + 10. Suppose 3*c - 10 = o*c, -35 = -3*h - 5*c. What is the remainder when h is divided by 8?
7
Let l = 12 + -23. Calculate the remainder when 299 is divided by -61*(5 + 5 + l).
55
Suppose -117*a + 370 + 674 = -88*a. Calculate the remainder when 128 is divided by a.
20
Let n(o) = 126*o**2 - 5*o + 6. Let y be n(1). Let v = -56 + y. Let b = 119 - v. What is the remainder when 140 is divided by b?
44
Suppose -70*g = -468 - 92. Suppose 2*v - 60 = -3*r, -r = 2*v - 5*r - 32. Calculate the remainder when v is divided by g.
0
Let n = 10 - 9. Let a(k) = 15*k**2 + 2*k - 2. Let y be a(n). Calculate the remainder when 24 is divided by (-73)/(-5) - 9/y.
10
Let n = -2014 + 2441. Calculate the remainder when n is divided by 42.
7
What is the remainder when ((81/18)/9)/((-3)/(-29910)) is divided by 116?
113
Suppose -1 + 21 = 10*j. Suppose 5*y = -f, 3*f - 35 = -4*y - j. Suppose 0 = m - i - 30, -i = -3*m + i + 88. Calculate the remainder when m is divided by f.
13
Let r = -19046 + 19076. What is the remainder when 342 is divided by r?
12
Let y = -330 + 353. What is the remainder when 276 is divided by y?
0
Let k(t) = -81*t - 12543. Let q = -1 - -4. Suppose 178 = p + q*p + 3*d, d - 44 = -p. What is the remainder when p is divided by k(-155)?
10
Suppose -3*a + 132 = -2*u, -39*a - 2*u + 188 = -34*a. What is the remainder when 708 is divided by a?
28
Let q(s) = -2*s**2 - 191*s - 54. What is the remainder when 2244 is divided by q(-95)?
30
Suppose 7*s + 1152 = 11*s - 4*i, -i = 2*s - 582. What is the remainder when s is divided by 95?
5
Let n be -5*-24*(-4)/(-20). Calculate the remainder when ((-2)/4 - -1)*n is divided by (-728)/(-168) - (-2)/3.
2
Let d = -16 - -21. Let x(g) = -g**2 - d*g - 14 - 6*g + 0*g**2. Calculate the remainder when x(-6) is divided by 6.
4
Suppose 2*k = -3*t - 9, -k - 7 = -0*k + 2*t. Suppose w - 52 = 4*v, -2*v + k = -3*w + 159. Calculate the remainder when 186 is divided by w.
30
Suppose 0 = -z + 4*w -